rs of 5387?
5387
What are the prime factors of 4554?
2, 3, 11, 23
List the prime factors of 1364.
2, 11, 31
What are the prime factors of 25664?
2, 401
What are the prime factors of 8538?
2, 3, 1423
What are the prime factors of 36823?
23, 1601
What are the prime factors of 40714?
2, 20357
What are the prime factors of 56881?
11, 5171
List the prime factors of 8225.
5, 7, 47
List the prime factors of 39708.
2, 3, 1103
List the prime factors of 16614.
2, 3, 13, 71
List the prime factors of 143738.
2, 7, 10267
What are the prime factors of 41577?
3, 13859
What are the prime factors of 12584?
2, 11, 13
List the prime factors of 10776.
2, 3, 449
List the prime factors of 85861.
19, 4519
List the prime factors of 274.
2, 137
What are the prime factors of 2137?
2137
List the prime factors of 284.
2, 71
What are the prime factors of 7080?
2, 3, 5, 59
List the prime factors of 7887.
3, 11, 239
List the prime factors of 23189.
23189
List the prime factors of 767.
13, 59
What are the prime factors of 1256?
2, 157
List the prime factors of 4178.
2, 2089
What are the prime factors of 573?
3, 191
What are the prime factors of 18766?
2, 11, 853
What are the prime factors of 7113?
3, 2371
What are the prime factors of 1366?
2, 683
What are the prime factors of 57633?
3, 19211
List the prime factors of 6934.
2, 3467
What are the prime factors of 1025?
5, 41
List the prime factors of 70757.
173, 409
List the prime factors of 132.
2, 3, 11
What are the prime factors of 745?
5, 149
List the prime factors of 37976.
2, 47, 101
What are the prime factors of 43222?
2, 21611
List the prime factors of 53705.
5, 23, 467
List the prime factors of 13249.
13249
List the prime factors of 149594.
2, 74797
List the prime factors of 16322.
2, 8161
List the prime factors of 938.
2, 7, 67
List the prime factors of 33543.
3, 3727
What are the prime factors of 773?
773
List the prime factors of 33.
3, 11
What are the prime factors of 3264?
2, 3, 17
What are the prime factors of 10?
2, 5
What are the prime factors of 5705?
5, 7, 163
What are the prime factors of 7921?
89
What are the prime factors of 182?
2, 7, 13
What are the prime factors of 30461?
83, 367
List the prime factors of 2676.
2, 3, 223
List the prime factors of 24046.
2, 11, 1093
List the prime factors of 954.
2, 3, 53
What are the prime factors of 3814?
2, 1907
What are the prime factors of 2408?
2, 7, 43
What are the prime factors of 51365?
5, 10273
List the prime factors of 1551.
3, 11, 47
List the prime factors of 84.
2, 3, 7
What are the prime factors of 2647?
2647
List the prime factors of 98821.
17, 5813
What are the prime factors of 2939?
2939
List the prime factors of 440.
2, 5, 11
List the prime factors of 2721.
3, 907
List the prime factors of 23809.
29, 821
What are the prime factors of 32?
2
List the prime factors of 393.
3, 131
List the prime factors of 1712.
2, 107
List the prime factors of 27.
3
List the prime factors of 1086.
2, 3, 181
List the prime factors of 755.
5, 151
List the prime factors of 357.
3, 7, 17
List the prime factors of 1370.
2, 5, 137
What are the prime factors of 11359?
37, 307
What are the prime factors of 42313?
17, 19, 131
What are the prime factors of 113174?
2, 71, 797
List the prime factors of 84580.
2, 5, 4229
List the prime factors of 2246.
2, 1123
List the prime factors of 254.
2, 127
List the prime factors of 48.
2, 3
What are the prime factors of 2526?
2, 3, 421
List the prime factors of 110131.
7, 15733
What are the prime factors of 1848?
2, 3, 7, 11
What are the prime factors of 25136?
2, 1571
List the prime factors of 87196.
2, 21799
What are the prime factors of 4684?
2, 1171
List the prime factors of 111701.
19, 5879
What are the prime factors of 11141?
13, 857
List the prime factors of 95767.
7, 13681
What are the prime factors of 8298?
2, 3, 461
What are the prime factors of 6870?
2, 3, 5, 229
List the prime factors of 2358.
2, 3, 131
What are the prime factors of 58917?
3, 41, 479
List the prime factors of 3051.
3, 113
What are the prime factors of 855?
3, 5, 19
What are the prime factors of 9287?
37, 251
List the prime factors of 28446.
2, 3, 11, 431
List the prime factors of 1924.
2, 13, 37
List the prime factors of 3817.
11, 347
List the prime factors of 28630.
2, 5, 7, 409
List the prime factors of 2812.
2, 19, 37
List the prime factors of 2926.
2, 7, 11, 19
List the prime factors of 53192.
2, 61, 109
List the prime factors of 12794.
2, 6397
List the prime factors of 290.
2, 5, 29
List the prime factors of 14833.
7, 13, 163
List the prime factors of 257.
257
List the prime factors of 8398.
2, 13, 17, 19
List the prime factors of 1078.
2, 7, 11
List the prime factors of 4464.
2, 3, 31
What are the prime factors of 5305?
5, 1061
List the prime factors of 3368.
2, 421
What are the prime factors of 1024?
2
List the prime factors of 85.
5, 17
List the prime factors of 32405.
5, 6481
What are the prime factors of 4490?
2, 5, 449
List the prime factors of 911.
911
List the prime factors of 427.
7, 61
List the prime factors of 4017.
3, 13, 103
What are the prime factors of 26910?
2, 3, 5, 13, 23
List the prime factors of 138834.
2, 3, 857
What are the prime factors of 67421?
67421
List the prime factors of 7055.
5, 17, 83
List the prime factors of 61527.
3, 20509
List the prime factors of 7090.
2, 5, 709
What are the prime factors of 5511?
3, 11, 167
List the prime factors of 2924.
2, 17, 43
What are the prime factors of 1241?
17, 73
List the prime factors of 76021.
11, 6911
What are the prime factors of 12423?
3, 41, 101
List the prime factors of 48635.
5, 71, 137
List the prime factors of 38560.
2, 5, 241
What are the prime factors of 445?
5, 89
List the prime factors of 2671.
2671
List the prime factors of 5756.
2, 1439
What are the prime factors of 22448?
2, 23, 61
What are the prime factors of 24546?
2, 3, 4091
List the prime factors of 1302.
2, 3, 7, 31
List the prime factors of 98636.
2, 24659
List the prime factors of 1668.
2, 3, 139
List the prime factors of 19145.
5, 7, 547
What are the prime factors of 1768?
2, 13, 17
What are the prime factors of 1160?
2, 5, 29
What are the prime factors of 1077?
3, 359
What are the prime factors of 675?
3, 5
What are the prime factors of 5199?
3, 1733
What are the prime factors of 78156?
2, 3, 13, 167
What are the prime factors of 75?
3, 5
What are the prime factors of 14307?
3, 19, 251
What are the prime factors of 34309?
11, 3119
What are the prime factors of 923?
13, 71
List the prime factors of 836.
2, 11, 19
List the prime factors of 922.
2, 461
List the prime factors of 3564.
2, 3, 11
What are the prime factors of 3254?
2, 1627
What are the prime factors of 6859?
19
What are the prime factors of 4064?
2, 127
List the prime factors of 979.
11, 89
List the prime factors of 1607.
1607
What are the prime factors of 22438?
2, 13, 863
What are the prime factors of 43797?
3, 13, 1123
What are the prime factors of 12392?
2, 1549
What are the prime factors of 4264?
2, 13, 41
What are the prime factors of 126716?
2, 79, 401
What are the prime factors of 666?
2, 3, 37
What are the prime factors of 5764?
2, 11, 131
List the prime factors of 28207.
67, 421
What are the prime factors of 981?
3, 109
What are the prime factors of 1113?
3, 7, 53
What are the prime factors of 26463?
3, 8821
What are the prime factors of 71?
71
List the prime factors of 149349.
3, 49783
List the prime factors of 130155.
3, 5, 8677
What are the prime factors of 5106?
2, 3, 23, 37
What are the prime factors of 853?
853
What are the prime factors of 2336?
2, 73
What are the prime factors of 390?
2, 3, 5, 13
List the prime factors of 108295.
5, 11, 179
List the prime factors of 1840.
2, 5, 23
List the prime factors of 17901.
3, 13, 17
What are the prime factors of 159?
3, 53
What are the prime factors of 1160?
2, 5, 29
List the prime factors of 16107.
3, 7, 13, 59
What are the prime factors of 16?
2
What are the prime factors of 31260?
2, 3, 5, 521
List the prime factors of 3511.
3511
List the prime factors of 2617.
2617
What are the prime factors of 92723?
92723
List the prime factors of 185188.
2, 67, 691
List the prime factors of 632.
2, 79
List the prime factors of 4762.
2, 2381
What are the prime factors of 124888?
2, 67, 233
List the prime fa